5
What is the ten thousands digit of 1576255?
7
What is the ten thousands digit of 248268?
4
What is the ten thousands digit of 260346?
6
What is the hundred thousands digit of 4861609?
8
What is the tens digit of 2756102?
0
What is the units digit of 11740?
0
What is the ten thousands digit of 667966?
6
What is the hundreds digit of 553850?
8
What is the thousands digit of 143462?
3
What is the hundred thousands digit of 105014?
1
What is the ten thousands digit of 5389562?
8
What is the hundred thousands digit of 953788?
9
What is the tens digit of 88164?
6
What is the hundreds digit of 5738818?
8
What is the thousands digit of 68765?
8
What is the units digit of 445594?
4
What is the tens digit of 31815552?
5
What is the millions digit of 3616008?
3
What is the units digit of 941894?
4
What is the units digit of 3237140?
0
What is the tens digit of 3510307?
0
What is the units digit of 1188143?
3
What is the ten thousands digit of 3266148?
6
What is the hundreds digit of 786937?
9
What is the millions digit of 1085226?
1
What is the thousands digit of 13758681?
8
What is the hundred thousands digit of 122541?
1
What is the tens digit of 498969?
6
What is the units digit of 80233?
3
What is the units digit of 36960?
0
What is the hundreds digit of 409035?
0
What is the hundred thousands digit of 7357333?
3
What is the units digit of 869103?
3
What is the thousands digit of 197700?
7
What is the hundred thousands digit of 13288059?
2
What is the hundreds digit of 398173?
1
What is the ten thousands digit of 32110424?
1
What is the hundred thousands digit of 168956?
1
What is the hundred thousands digit of 3908333?
9
What is the tens digit of 348369?
6
What is the tens digit of 575199?
9
What is the ten thousands digit of 10276794?
7
What is the hundred thousands digit of 553427?
5
What is the hundreds digit of 1019634?
6
What is the ten millions digit of 10050461?
1
What is the units digit of 116188?
8
What is the ten thousands digit of 119055?
1
What is the units digit of 7426459?
9
What is the tens digit of 2107228?
2
What is the hundred thousands digit of 5551891?
5
What is the hundred thousands digit of 450775?
4
What is the thousands digit of 412788?
2
What is the hundred thousands digit of 7265666?
2
What is the tens digit of 2062751?
5
What is the tens digit of 6209158?
5
What is the tens digit of 1772057?
5
What is the ten thousands digit of 13122657?
2
What is the hundreds digit of 156406?
4
What is the units digit of 308401?
1
What is the thousands digit of 22956138?
6
What is the hundreds digit of 571118?
1
What is the units digit of 1186445?
5
What is the hundreds digit of 267996?
9
What is the hundreds digit of 5257092?
0
What is the tens digit of 786298?
9
What is the hundreds digit of 1332440?
4
What is the ten thousands digit of 16455288?
5
What is the tens digit of 72931?
3
What is the hundreds digit of 7113154?
1
What is the units digit of 4010133?
3
What is the ten thousands digit of 31784165?
8
What is the tens digit of 1683922?
2
What is the hundreds digit of 2157020?
0
What is the hundreds digit of 6961881?
8
What is the thousands digit of 222575?
2
What is the tens digit of 511072?
7
What is the units digit of 455466?
6
What is the hundred thousands digit of 1032181?
0
What is the hundreds digit of 4637945?
9
What is the thousands digit of 13338650?
8
What is the thousands digit of 144971?
4
What is the hundred thousands digit of 727285?
7
What is the units digit of 13379299?
9
What is the millions digit of 44568507?
4
What is the hundreds digit of 2814040?
0
What is the ten thousands digit of 191137?
9
What is the hundred thousands digit of 291940?
2
What is the units digit of 3140249?
9
What is the ten thousands digit of 4630266?
3
What is the ten thousands digit of 3922586?
2
What is the units digit of 518975?
5
What is the hundreds digit of 784938?
9
What is the thousands digit of 3274867?
4
What is the hundreds digit of 192416?
4
What is the tens digit of 1213257?
5
What is the tens digit of 4887076?
7
What is the millions digit of 4673172?
4
What is the ten thousands digit of 773129?
7
What is the units digit of 2271574?
4
What is the tens digit of 15401799?
9
What is the hundred thousands digit of 6529665?
5
What is the units digit of 3079196?
6
What is the tens digit of 6314121?
2
What is the thousands digit of 3916355?
6
What is the hundred thousands digit of 6839648?
8
What is the ten thousands digit of 8394947?
9
What is the ten thousands digit of 3463021?
6
What is the hundred thousands digit of 5594091?
5
What is the millions digit of 4589052?
4
What is the hundred thousands digit of 8145670?
1
What is the hundreds digit of 1849098?
0
What is the tens digit of 59900?
0
What is the thousands digit of 5002878?
2
What is the thousands digit of 516549?
6
What is the tens digit of 802569?
6
What is the thousands digit of 6499767?
9
What is the hundreds digit of 559106?
1
What is the hundreds digit of 2393745?
7
What is the units digit of 239713?
3
What is the units digit of 21288178?
8
What is the ten thousands digit of 29405258?
0
What is the ten thousands digit of 249556?
4
What is the hundred thousands digit of 22069113?
0
What is the thousands digit of 36980?
6
What is the millions digit of 2844869?
2
What is the hundreds digit of 16700435?
4
What is the units digit of 241095?
5
What is the hundreds digit of 416103?
1
What is the units digit of 101385?
5
What is the thousands digit of 293510?
3
What is the units digit of 1165532?
2
What is the hundreds digit of 5391771?
7
What is the hundred thousands digit of 568490?
5
What is the hundred thousands digit of 481530?
4
What is the units digit of 440275?
5
What is the thousands digit of 330193?
0
What is the hundreds digit of 960190?
1
What is the ten thousands digit of 9030569?
3
What is the thousands digit of 233160?
3
What is the millions digit of 3178319?
3
What is the hundreds digit of 617899?
8
What is the ten thousands digit of 468583?
6
What is the tens digit of 5124667?
6
What is the ten thousands digit of 32249?
3
What is the thousands digit of 3194035?
4
What is the thousands digit of 25755?
5
What is the thousands digit of 255932?
5
What is the units digit of 22195752?
2
What is the thousands digit of 1174682?
4
What is the hundred thousands digit of 1944331?
9
What is the millions digit of 2533268?
2
What is the hundreds digit of 26702977?
9
What is the tens digit of 71884?
8
What is the thousands digit of 217936?
7
What is the millions digit of 29304003?
9
What is the tens digit of 4332175?
7
What is the hundreds digit of 1338729?
7
What is the hundred thousands digit of 2819150?
8
What is the hundreds digit of 10487165?
1
What is the tens digit of 9508?
0
What is the hundreds digit of 3925689?
6
What is the hundreds digit of 1407500?
5
What is the ten thousands digit of 4610226?
1
What is the units digit of 7667993?
3
What is the units digit of 55619?
9
What is the hundreds digit of 304605?
6
What is the units digit of 4873173?
3
What is the units digit of 474083?
3
What is the millions digit of 11324062?
1
What is the thousands digit of 2925630?
5
What is the thousands digit of 277370?
7
What is the ten thousands digit of 249161?
4
What is the units digit of 36565302?
2
What is the hundreds digit of 910935?
9
What is the units digit of 538360?
0
What is the units digit of 107262?
2
What is the millions digit of 3054555?
3
What is the tens digit of 227368?
6
What is the units digit of 6715243?
3
What is the thousands digit of 235096?
5
What is the hundreds digit of 99651?
6
What is the tens digit of 427129?
2
What is the units digit of 87218?
8
What is the tens digit of 3928374?
7
What is the units digit of 75896?
6
What is the thousands digit of 205554?
5
What is the hundred thousands digit of 193524?
1
What is the tens digit of 43241581?
8
What is the ten thousands digit of 20878565?
7
What is the tens digit of 4413835?
3
What is the ten thousands digit of 135071?
3
What is the hundred thousands digit of 530212?
5
What is the millions digit of 1339787?
1
What is the tens digit of 6179565?
6
What is the hundred thousands digit of 248640?
2
What is the units digit of 6015463?
3
What is the ten thousands digit of 189119?
8
What is the millio